 j(d) = -23*d + d**3 + d**2 + 18*d - 1 - 3 + 1. Calculate j(-3).
-6
Let v(f) = -7*f + 1. Let j be v(1). Let l(b) = b - 6. What is l(j)?
-12
Let t(y) = y**3 + 10*y**2 - 10*y + 18. Let r be t(-11). Let o(v) = v - 5. What is o(r)?
2
Let m(o) = -6*o - 7. Let w(s) = s + 1. Let j(n) = m(n) + 5*w(n). Suppose 21*i - 18*i = -15. Give j(i).
3
Let o(t) be the first derivative of 4*t**3/3 - 5*t + 8. Let f(r) be the first derivative of o(r). What is f(1)?
8
Let y be (1 + 0)/(8 + -7). Let t(u) = u + 10. Let z be t(-6). Let v(p) = 5 - 6*p - z - 2. Give v(y).
-7
Let u(m) = m**2 - m + 2. Let d(k) = -k**2 + 4*k + 3. Let g be d(4). Let r be (2 - g)/1*0. Calculate u(r).
2
Let n = 9 + -10. Let g be 7 + (-3 - (n + 0)). Let l(m) = 2*m + 2. Calculate l(g).
12
Let n(d) = d**2 - 6*d + 3. Let y be ((-3)/9)/(1/(-18)). What is n(y)?
3
Suppose 3*n - 16 = -n. Let x(z) be the second derivative of -z**5/20 + 5*z**4/12 - 2*z**3/3 - 3*z**2/2 - z. Calculate x(n).
-3
Let u = -4 - -4. Suppose -2*d = -u*d - 8. Let w = d - 4. Let h(a) = -a + 5. Calculate h(w).
5
Let c be (1/2)/((-5)/(-30)). Let r(n) be the first derivative of -n**3/3 - n**2 + 2*n - 1. What is r(c)?
-13
Let i be (-8)/(-10)*60/8. Let p(k) = -7 + k**3 - 5*k**2 + k + 2 - i*k. Give p(6).
1
Let u(f) = 2*f**2 + f. Let i be u(1). Let o(s) = 9*s - 2 + 3 - 3*s - i. Let k(x) = -2*x + 1. Let t(z) = 11*k(z) + 4*o(z). What is t(-3)?
-3
Let g(p) be the first derivative of p**4/4 + 7*p**3/3 - 3*p**2 + 9*p + 33. Determine g(-8).
-7
Let x(g) = 4 + 4 - 2 - 2 - g. Let d = -2 - 1. Calculate x(d).
7
Suppose -2*o = -6*o + 8. Let h(r) = 3*r**o + 3*r + 0*r + 3*r - 5 - r**3. What is h(4)?
3
Let p = 7 - 10. Let i(n) be the first derivative of n**4/4 + n**3 + n**2/2 + n - 1. What is i(p)?
-2
Let c(q) = 6*q**2 + 43 - 21 - 21 - 2*q. Let n be ((-10)/15)/(1/(-3)). Suppose 0 = -b - n*b + 3. What is c(b)?
5
Let a be (3 + 0)*(-10)/(-10). Let i(r) = r**2 - 3*r. What is i(a)?
0
Let y(n) = -n. Suppose -3*d = -4*d. Suppose d*m - 3*m = 9, 0 = -4*x - m + 37. Let f = x + -7. Give y(f).
-3
Let p(y) = -8 + 0 - 3*y**2 - y**3 + 11 + 4*y. Let i = -8 - -5. What is p(i)?
-9
Let v(y) be the second derivative of -y**8/6720 - y**7/840 + y**5/40 + y**4/4 - y. Let n(x) be the third derivative of v(x). Calculate n(-3).
3
Let i(h) = -3*h - 4. Let g(k) = -4*k**2 - k - 1. Let u be g(-2). Let x = 9 + u. What is i(x)?
14
Let b(u) = 2*u + 2 - 3*u - 45*u**2 + u**3 + 2*u + 51*u**2. Suppose 5*o = -17 - 13. Calculate b(o).
-4
Suppose g + 15 = -2*g. Let r(v) = v**2 + 6*v - 4. Calculate r(g).
-9
Let z(r) = -r**3 - 2*r**2 - 5*r - 7. Let f be z(-2). Let c(k) = -k**2 + 3*k - 4. Give c(f).
-4
Let s(k) = -k**2 + 5*k - 3. Let d(z) = -6*z**2 + 26*z - 16. Let f(x) = 2*d(x) - 11*s(x). Determine f(-4).
-3
Let p(y) be the third derivative of y**8/1120 + y**7/2520 - y**5/120 + y**4/8 + 2*y**2. Let j(l) be the second derivative of p(l). Give j(1).
6
Let l(j) be the third derivative of -j**6/120 - j**5/15 - j**4/12 - j**3 - 4*j**2. Let i be (-208)/56 + (-4)/14. Calculate l(i).
2
Let s(a) = -a**3 - 3*a**2 + a - 3. Suppose -2*g - 15 = 3*p, 3*p + 3 = g + p. Calculate s(g).
-6
Let j(m) = -m - 1. Let z be j(1). Let o = z + 3. Let s(x) be the second derivative of x**4/12 + x**3/6 - x**2/2 + 4*x. What is s(o)?
1
Let p be 1/(-2) + (-75)/10. Let h(u) = -7*u**3 + u**2 - 13*u + 11. Let i(v) = 11*v**3 - v**2 + 20*v - 17. Let o(s) = p*h(s) - 5*i(s). Determine o(2).
1
Let d(x) = -4*x**3 - x**2 + x + 5. Let h(w) = 5*w**3 + 2*w**2 - w - 6. Let y be 2/(((-8)/6)/4). Let z(r) = y*d(r) - 5*h(r). Calculate z(-3).
-6
Suppose -3*p = 14 - 44. Suppose -3*m = -7*m. Let g(l) = p*l - 9*l + m + 4 - 2. Calculate g(-4).
-2
Let w be 5/4 + 1/(-4). Suppose 0 = 6*s - 14 - 4. Let g(z) = 2*z + 1 - s*z - 6 + w. Give g(0).
-4
Let k(y) = -3*y**3 - 19*y**2 - 4*y - 7. Let j(n) = 2*n**3 + 13*n**2 + 3*n + 5. Let r(z) = -7*j(z) - 5*k(z). Give r(-4).
4
Let b(t) = -t**3 - 3. Suppose 0 = 9*j - 7*j. Determine b(j).
-3
Suppose -5*w - 2*r = -35, -2*w = -0*r - 2*r - 28. Let z = w - 7. Let g be (0 - 1/(-2))*z. Let i(t) = 6*t**3 - 2*t**2 + t. Calculate i(g).
5
Let k(f) be the first derivative of -f**4/4 - 5*f**3/3 + 3*f**2 - 4*f - 2. Suppose 4*v + 35 = 4*b + 3, 26 = -3*v + 4*b. Determine k(v).
-4
Suppose -13*t - 12*t - 25 = 0. Let z(n) be the second derivative of -n**3/3 - n**2/2 + n. Calculate z(t).
1
Let t(h) = 18*h**2 + 9*h + 2. Let g(u) = 9*u**2 + 4*u + 1. Let j be (6/(-9))/(1/(-3)). Let l(z) = j*t(z) - 5*g(z). Give l(-1).
-8
Let f(o) = o. Let k be -2 + 8/(0 - 1). Let b be ((-5)/k)/(2/(-20)). Determine f(b).
-5
Let s(n) be the first derivative of -n**4/4 + 7*n**3/3 - 7*n**2/2 - n - 9. Give s(6).
-7
Let j(v) be the third derivative of v**5/60 + v**4/4 - 3*v**3/2 - v**2. Let f be (7/2)/((-2)/4). Let l be j(f). Let a(z) = z**2 - 2. Give a(l).
2
Let u(f) = f**2 - f + 1. Suppose -4*z + 18 = 2. Let g(t) = t - 3 + 0*t**2 - 2*t + t**3 + z*t**2. Let h be g(-4). Determine u(h).
1
Let q be (-1)/5 - 186/(-30). Let b(y) = -5 + 2 + 4 - q*y**3 + 5*y**3. Give b(-1).
2
Let k = -56 + 62. Let w(d) = -d**2 + 5*d + 6. Calculate w(k).
0
Suppose -3*t - 7 = -5*a, -t + 9 = 8*a - 4*a. Let v be 3*(t + 6/9). Let k(u) = u**3 - 6*u**2 + 6*u - 3. What is k(v)?
2
Let s(o) = o - o**2 - 5*o + 0*o**2 + 6. Let x(z) = -z**3 - 2*z**2 + 5*z + 2. Let n be x(-4). Let t = 9 - n. Calculate s(t).
1
Let t = -19 + 22. Let g(l) = -2*l**2 - 8 + l**2 + t*l - 4*l + 0*l. Determine g(0).
-8
Let s(t) = 8 - 3*t**3 - 18 + 2*t**3 + 11. What is s(2)?
-7
Let p(o) = -4*o - o - o**2 + 2*o + 6 - o. What is p(-5)?
1
Suppose -11 = 2*q - 3. Let x = q - 1. Let o(w) = w**3 + 6*w**2 + 7*w + 7. Give o(x).
-3
Let c(z) = -4*z**2 + 2*z - 1. Let f = -114 + 115. What is c(f)?
-3
Suppose 5*z = z. Suppose z = -4*n - 3*t - 13, -4*t - 15 = t. Let l(g) = -9*g - 1 + 10*g - 2*g - 8*g**3 - g**2. Give l(n).
7
Let q be (-24)/3 - (-49 - -43). Let f(y) = -y**3 - 5*y**2 + y + 6. Let t be f(-5). Let z(x) = t - x**3 + 2*x + 0 + 0. Calculate z(q).
5
Let q = -4 - -17. Suppose -3*n = -5*s - q, -4*s = 4*n - s + 31. Let r(z) = -4*z**2 - z**2 + 4*z**2 + 5 - 2*z. Determine r(n).
-3
Let s be 3/(-9)*0 + 4. Let d be 1/((3/2)/3). Let h(i) = -d*i**2 + 0*i**2 + 6*i**2 - 3*i**2 + 1 - 3*i. Calculate h(s).
5
Let k be (-952)/(-154) - 4/22. Let w(f) = f**2 + 5*f - 8. Let b = 4 + -6. Let j(o) = -o**2 + o + 1. Let u(i) = b*j(i) - w(i). Give u(k).
0
Let j(v) = -v. Suppose 3*m = -u + 11 + 13, -u = -3*m + 6. What is j(u)?
-9
Let u(q) = -q + 2. Let v(s) = -3*s - 6. Let z be v(0). Give u(z).
8
Let c(l) = -2*l - 3. Let f(p) = 5*p**3 - 2*p - 1. Let m be (4 + -3)*1 - 2. Let k be f(m). What is c(k)?
5
Suppose 0*o = -o + 6. Suppose -5*a = o + 9. Let u(q) = -84 - q + 84. Determine u(a).
3
Let f(u) be the first derivative of u**3 + 3*u**2/2 + 2*u + 6. Let i(z) = 2*z**2 + 4*z + 2. Let b(w) = -3*f(w) + 4*i(w). What is b(7)?
2
Let a be -3 - 3*(-10)/3. Let h(q) = q + 2*q - a - 2*q. Give h(5).
-2
Let y = 0 - 1. Let p be 2/(y - (-15)/9). Let v(t) = t + 1. Give v(p).
4
Let v(b) = b**2 + 3*b + 1. Let m be ((-10)/(-15))/((-2)/(-6)). Suppose -m = -n - 7. What is v(n)?
11
Let i(x) = -x**2 + 3 - x**3 - 10 + 6*x**2 + 2*x. Determine i(5).
3
Let u = -1 - -1. Let y(a) = -5*a**2 + a - 10. Let d(w) = -4*w**2 + w - 9. Let r(o) = 6*d(o) - 5*y(o). Calculate r(u).
-4
Let u = 11 + -9. Let l(r) = -u + 3*r + 1 + 3*r. Give l(2).
11
Let c(y) be the first derivative of y**4/12 - y**3/6 - y**2/2 + y - 3. Let n(k) be the first derivative of c(k). Determine n(-1).
1
Let b(u) = -13*u - 8 + 11*u + 2*u + 3*u. Give b(6).
10
Let h(c) = -2*c + 4. Let y(m) = m - 2. Let k(j) = 6*h(j) + 13*y(j). Let a be k(-2). Let s be 1/a + (-26)/(-8). Let d(w) = -w**2 + 2*w - 3. Determine d(s).
-6
Let p(t) = 2*t - 2. Let g be p(-3). Let u(a) = a**3 + 9*a**2 + 9*a + 4. Give u(g).
-4
Let n(p) = -15*p + 5*p + 12*p + 7. Determine n(9).
25
Let k(z) be the second derivative of 1/60*z**5 + 5/24*z**4 - 2/3*z**3 + 0*z**2 + 3*z + 0. Let l(o) be the second derivative of k(o). Give l(-5).
-5
Suppose 0*t - 5*t = -15. Suppose s + 9 = -3*a, 2*s + 15 = -t*s - 5*a. Let u(z) = -z**2 - z + 5. Give u(s).
5
Let l = 3 + -1. Let r(g) be the third derivative of g**4/6 - g**3/3 + 2*g**2 - 32. Give r(l).
6
Suppose 10 = 5*f - 0. Let q(r) = -3*r + 2. Let x(b) = 39*b - 27. Let z(l) = f*x(l) + 27*q(l). Give z(2).
-6
Let m = 7 + -1. Let p(u